{"id":373,"date":"2022-07-05T21:48:39","date_gmt":"2022-07-05T21:48:39","guid":{"rendered":"http:\/\/deubefevents.com\/iadce\/?page_id=373"},"modified":"2022-08-23T20:32:40","modified_gmt":"2022-08-23T20:32:40","slug":"cagrili-konusmacilar","status":"publish","type":"page","link":"http:\/\/deubefevents.com\/iadce\/cagrili-konusmacilar\/","title":{"rendered":"\u00c7a\u011fr\u0131l\u0131 Konu\u015fmac\u0131lar"},"content":{"rendered":"\n<figure class=\"wp-block-image aligncenter size-large is-resized\"><img loading=\"lazy\" decoding=\"async\" src=\"http:\/\/deubefevents.com\/iadce\/wp-content\/uploads\/2022\/07\/1-1024x808.jpeg\" alt=\"\" class=\"wp-image-375\" width=\"511\" height=\"403\" srcset=\"http:\/\/deubefevents.com\/iadce\/wp-content\/uploads\/2022\/07\/1-1024x808.jpeg 1024w, http:\/\/deubefevents.com\/iadce\/wp-content\/uploads\/2022\/07\/1-300x237.jpeg 300w, http:\/\/deubefevents.com\/iadce\/wp-content\/uploads\/2022\/07\/1-768x606.jpeg 768w, http:\/\/deubefevents.com\/iadce\/wp-content\/uploads\/2022\/07\/1-1536x1212.jpeg 1536w, http:\/\/deubefevents.com\/iadce\/wp-content\/uploads\/2022\/07\/1.jpeg 1600w\" sizes=\"auto, (max-width: 511px) 100vw, 511px\" \/><\/figure>\n\n\n\n<figure class=\"wp-block-image aligncenter size-large is-resized\"><img loading=\"lazy\" decoding=\"async\" src=\"http:\/\/deubefevents.com\/iadce\/wp-content\/uploads\/2022\/07\/2-1024x808.jpeg\" alt=\"\" class=\"wp-image-376\" width=\"509\" height=\"401\" srcset=\"http:\/\/deubefevents.com\/iadce\/wp-content\/uploads\/2022\/07\/2-1024x808.jpeg 1024w, http:\/\/deubefevents.com\/iadce\/wp-content\/uploads\/2022\/07\/2-300x237.jpeg 300w, http:\/\/deubefevents.com\/iadce\/wp-content\/uploads\/2022\/07\/2-768x606.jpeg 768w, http:\/\/deubefevents.com\/iadce\/wp-content\/uploads\/2022\/07\/2-1536x1212.jpeg 1536w, http:\/\/deubefevents.com\/iadce\/wp-content\/uploads\/2022\/07\/2.jpeg 1600w\" sizes=\"auto, (max-width: 509px) 100vw, 509px\" \/><\/figure>\n\n\n\n<figure class=\"wp-block-image aligncenter size-large is-resized\"><img loading=\"lazy\" decoding=\"async\" src=\"http:\/\/deubefevents.com\/iadce\/wp-content\/uploads\/2022\/07\/3-1024x808.jpeg\" alt=\"\" class=\"wp-image-377\" width=\"505\" height=\"399\" srcset=\"http:\/\/deubefevents.com\/iadce\/wp-content\/uploads\/2022\/07\/3-1024x808.jpeg 1024w, http:\/\/deubefevents.com\/iadce\/wp-content\/uploads\/2022\/07\/3-300x237.jpeg 300w, http:\/\/deubefevents.com\/iadce\/wp-content\/uploads\/2022\/07\/3-768x606.jpeg 768w, http:\/\/deubefevents.com\/iadce\/wp-content\/uploads\/2022\/07\/3-1536x1212.jpeg 1536w, http:\/\/deubefevents.com\/iadce\/wp-content\/uploads\/2022\/07\/3.jpeg 1600w\" sizes=\"auto, (max-width: 505px) 100vw, 505px\" \/><\/figure>\n\n\n\n<figure class=\"wp-block-image aligncenter size-large is-resized\"><img loading=\"lazy\" decoding=\"async\" src=\"http:\/\/deubefevents.com\/iadce\/wp-content\/uploads\/2022\/07\/keynote-3-1024x808.jpeg\" alt=\"\" class=\"wp-image-384\" width=\"504\" height=\"398\" srcset=\"http:\/\/deubefevents.com\/iadce\/wp-content\/uploads\/2022\/07\/keynote-3-1024x808.jpeg 1024w, http:\/\/deubefevents.com\/iadce\/wp-content\/uploads\/2022\/07\/keynote-3-300x237.jpeg 300w, http:\/\/deubefevents.com\/iadce\/wp-content\/uploads\/2022\/07\/keynote-3-768x606.jpeg 768w, http:\/\/deubefevents.com\/iadce\/wp-content\/uploads\/2022\/07\/keynote-3-1536x1212.jpeg 1536w, http:\/\/deubefevents.com\/iadce\/wp-content\/uploads\/2022\/07\/keynote-3.jpeg 1600w\" sizes=\"auto, (max-width: 504px) 100vw, 504px\" \/><\/figure>\n\n\n\n<p><\/p>\n\n\n\n<figure class=\"wp-block-image aligncenter size-large is-resized\"><img loading=\"lazy\" decoding=\"async\" src=\"http:\/\/deubefevents.com\/iadce\/wp-content\/uploads\/2022\/07\/keynote_5-1024x826.jpeg\" alt=\"\" class=\"wp-image-388\" width=\"496\" height=\"399\" srcset=\"http:\/\/deubefevents.com\/iadce\/wp-content\/uploads\/2022\/07\/keynote_5-1024x826.jpeg 1024w, http:\/\/deubefevents.com\/iadce\/wp-content\/uploads\/2022\/07\/keynote_5-300x242.jpeg 300w, http:\/\/deubefevents.com\/iadce\/wp-content\/uploads\/2022\/07\/keynote_5-768x620.jpeg 768w, http:\/\/deubefevents.com\/iadce\/wp-content\/uploads\/2022\/07\/keynote_5-1536x1239.jpeg 1536w, http:\/\/deubefevents.com\/iadce\/wp-content\/uploads\/2022\/07\/keynote_5.jpeg 1600w\" sizes=\"auto, (max-width: 496px) 100vw, 496px\" \/><\/figure>\n\n\n\n<figure class=\"wp-block-image aligncenter size-large is-resized\"><img loading=\"lazy\" decoding=\"async\" src=\"http:\/\/deubefevents.com\/iadce\/wp-content\/uploads\/2022\/08\/IMG-20220823-WA0030-1024x829.jpg\" alt=\"\" class=\"wp-image-418\" width=\"498\" height=\"403\" srcset=\"http:\/\/deubefevents.com\/iadce\/wp-content\/uploads\/2022\/08\/IMG-20220823-WA0030-1024x829.jpg 1024w, http:\/\/deubefevents.com\/iadce\/wp-content\/uploads\/2022\/08\/IMG-20220823-WA0030-300x243.jpg 300w, http:\/\/deubefevents.com\/iadce\/wp-content\/uploads\/2022\/08\/IMG-20220823-WA0030-768x622.jpg 768w, http:\/\/deubefevents.com\/iadce\/wp-content\/uploads\/2022\/08\/IMG-20220823-WA0030-1536x1243.jpg 1536w, http:\/\/deubefevents.com\/iadce\/wp-content\/uploads\/2022\/08\/IMG-20220823-WA0030.jpg 1600w\" sizes=\"auto, (max-width: 498px) 100vw, 498px\" \/><\/figure>\n\n\n\n<figure class=\"wp-block-image aligncenter size-large is-resized\"><img loading=\"lazy\" decoding=\"async\" src=\"http:\/\/deubefevents.com\/iadce\/wp-content\/uploads\/2022\/07\/WhatsApp-Image-2022-07-25-at-16.49.11-1024x828.jpeg\" alt=\"\" class=\"wp-image-395\" width=\"481\" height=\"388\" srcset=\"http:\/\/deubefevents.com\/iadce\/wp-content\/uploads\/2022\/07\/WhatsApp-Image-2022-07-25-at-16.49.11-1024x828.jpeg 1024w, http:\/\/deubefevents.com\/iadce\/wp-content\/uploads\/2022\/07\/WhatsApp-Image-2022-07-25-at-16.49.11-300x242.jpeg 300w, http:\/\/deubefevents.com\/iadce\/wp-content\/uploads\/2022\/07\/WhatsApp-Image-2022-07-25-at-16.49.11-768x621.jpeg 768w, http:\/\/deubefevents.com\/iadce\/wp-content\/uploads\/2022\/07\/WhatsApp-Image-2022-07-25-at-16.49.11-1536x1241.jpeg 1536w, http:\/\/deubefevents.com\/iadce\/wp-content\/uploads\/2022\/07\/WhatsApp-Image-2022-07-25-at-16.49.11.jpeg 1600w\" sizes=\"auto, (max-width: 481px) 100vw, 481px\" \/><\/figure>\n\n\n\n<div class=\"wp-block-buttons is-content-justification-center is-layout-flex wp-container-core-buttons-is-layout-a89b3969 wp-block-buttons-is-layout-flex\">\n<div class=\"wp-block-button\"><a class=\"wp-block-button__link\" href=\"http:\/\/deubefevents.com\/iadce\/biographies-of-keynote-speakers\/\" target=\"_blank\" rel=\"noreferrer noopener\">\u00c7a\u011fr\u0131l\u0131 Konu\u015fmac\u0131lar\u0131n \u00d6zge\u00e7mi\u015fleri<\/a><\/div>\n<\/div>\n","protected":false},"excerpt":{"rendered":"","protected":false},"author":1,"featured_media":0,"parent":0,"menu_order":0,"comment_status":"closed","ping_status":"closed","template":"","meta":{"site-sidebar-layout":"default","site-content-layout":"default","ast-global-header-display":"","ast-main-header-display":"","ast-hfb-above-header-display":"","ast-hfb-below-header-display":"","ast-hfb-mobile-header-display":"","site-post-title":"","ast-breadcrumbs-content":"","ast-featured-img":"","footer-sml-layout":"","theme-transparent-header-meta":"","adv-header-id-meta":"","stick-header-meta":"","header-above-stick-meta":"","header-main-stick-meta":"","header-below-stick-meta":"","footnotes":""},"class_list":["post-373","page","type-page","status-publish","hentry"],"_links":{"self":[{"href":"http:\/\/deubefevents.com\/iadce\/wp-json\/wp\/v2\/pages\/373","targetHints":{"allow":["GET"]}}],"collection":[{"href":"http:\/\/deubefevents.com\/iadce\/wp-json\/wp\/v2\/pages"}],"about":[{"href":"http:\/\/deubefevents.com\/iadce\/wp-json\/wp\/v2\/types\/page"}],"author":[{"embeddable":true,"href":"http:\/\/deubefevents.com\/iadce\/wp-json\/wp\/v2\/users\/1"}],"replies":[{"embeddable":true,"href":"http:\/\/deubefevents.com\/iadce\/wp-json\/wp\/v2\/comments?post=373"}],"version-history":[{"count":7,"href":"http:\/\/deubefevents.com\/iadce\/wp-json\/wp\/v2\/pages\/373\/revisions"}],"predecessor-version":[{"id":420,"href":"http:\/\/deubefevents.com\/iadce\/wp-json\/wp\/v2\/pages\/373\/revisions\/420"}],"wp:attachment":[{"href":"http:\/\/deubefevents.com\/iadce\/wp-json\/wp\/v2\/media?parent=373"}],"curies":[{"name":"wp","href":"https:\/\/api.w.org\/{rel}","templated":true}]}}