{"id":341,"date":"2023-03-13T12:41:43","date_gmt":"2023-03-13T12:41:43","guid":{"rendered":"http:\/\/deubefevents.com\/uebasen\/?page_id=341"},"modified":"2023-03-17T08:30:54","modified_gmt":"2023-03-17T08:30:54","slug":"symposium-secretariat","status":"publish","type":"page","link":"http:\/\/deubefevents.com\/uebasen\/symposium-secretariat\/","title":{"rendered":"Symposium Secretariat"},"content":{"rendered":"\n<figure class=\"wp-block-table is-style-stripes\"><table><tbody><tr><td>\u0130LKEM BA\u015eARAN<\/td><td>GUIDANCE AND PSYCHOLOGICAL COUNSELING<\/td><\/tr><tr><td>\u00c7A\u011eATAY BA\u015eO\u011eLU<\/td><td>EDUCATION MANAGEMENT AND SUPERVISION<\/td><\/tr><tr><td>OZANCAN AYG\u00dcN<\/td><td>CURRICULUM AND INSTRUCTION<\/td><\/tr><tr><td>MUSTAFA RAHMAN \u00d6ZDEN<\/td><td>GUIDANCE AND PSYCHOLOGICAL COUNSELING<\/td><\/tr><tr><td>K\u00dcBRA YAVA\u015e<\/td><td>GUIDANCE AND PSYCHOLOGICAL COUNSELING<\/td><\/tr><tr><td>DUYGU ARICI<\/td><td>GUIDANCE AND PSYCHOLOGICAL COUNSELING<\/td><\/tr><tr><td>AYM\u0130LA AKIN<\/td><td>GUIDANCE AND PSYCHOLOGICAL COUNSELING<\/td><\/tr><tr><td>H\u0130DAYET SULTAN TA\u015eKESEN<\/td><td>GUIDANCE AND PSYCHOLOGICAL COUNSELING<\/td><\/tr><\/tbody><\/table><\/figure>\n","protected":false},"excerpt":{"rendered":"<p>\u0130LKEM BA\u015eARAN GUIDANCE AND PSYCHOLOGICAL COUNSELING \u00c7A\u011eATAY BA\u015eO\u011eLU EDUCATION MANAGEMENT AND SUPERVISION OZANCAN AYG\u00dcN CURRICULUM AND INSTRUCTION MUSTAFA RAHMAN \u00d6ZDEN GUIDANCE AND PSYCHOLOGICAL COUNSELING K\u00dcBRA YAVA\u015e GUIDANCE AND PSYCHOLOGICAL COUNSELING DUYGU ARICI GUIDANCE AND PSYCHOLOGICAL COUNSELING AYM\u0130LA AKIN GUIDANCE AND PSYCHOLOGICAL COUNSELING H\u0130DAYET SULTAN TA\u015eKESEN GUIDANCE AND PSYCHOLOGICAL COUNSELING<\/p>\n","protected":false},"author":1,"featured_media":0,"parent":0,"menu_order":0,"comment_status":"closed","ping_status":"closed","template":"","meta":{"footnotes":""},"class_list":["post-341","page","type-page","status-publish","hentry"],"_links":{"self":[{"href":"http:\/\/deubefevents.com\/uebasen\/wp-json\/wp\/v2\/pages\/341","targetHints":{"allow":["GET"]}}],"collection":[{"href":"http:\/\/deubefevents.com\/uebasen\/wp-json\/wp\/v2\/pages"}],"about":[{"href":"http:\/\/deubefevents.com\/uebasen\/wp-json\/wp\/v2\/types\/page"}],"author":[{"embeddable":true,"href":"http:\/\/deubefevents.com\/uebasen\/wp-json\/wp\/v2\/users\/1"}],"replies":[{"embeddable":true,"href":"http:\/\/deubefevents.com\/uebasen\/wp-json\/wp\/v2\/comments?post=341"}],"version-history":[{"count":2,"href":"http:\/\/deubefevents.com\/uebasen\/wp-json\/wp\/v2\/pages\/341\/revisions"}],"predecessor-version":[{"id":347,"href":"http:\/\/deubefevents.com\/uebasen\/wp-json\/wp\/v2\/pages\/341\/revisions\/347"}],"wp:attachment":[{"href":"http:\/\/deubefevents.com\/uebasen\/wp-json\/wp\/v2\/media?parent=341"}],"curies":[{"name":"wp","href":"https:\/\/api.w.org\/{rel}","templated":true}]}}