{"id":379,"date":"2022-07-05T21:49:11","date_gmt":"2022-07-05T21:49:11","guid":{"rendered":"http:\/\/deubefevents.com\/iadce\/?page_id=379"},"modified":"2022-08-23T20:33:53","modified_gmt":"2022-08-23T20:33:53","slug":"keynote-speakers","status":"publish","type":"page","link":"https:\/\/deubefevents.com\/iadce\/en\/keynote-speakers\/","title":{"rendered":"Keynote Speakers"},"content":{"rendered":"\n<figure class=\"wp-block-image aligncenter size-large is-resized\"><img loading=\"lazy\" decoding=\"async\" src=\"http:\/\/deubefevents.com\/iadce\/wp-content\/uploads\/2022\/07\/1-1024x808.jpeg\" alt=\"\" class=\"wp-image-375\" width=\"511\" height=\"403\" srcset=\"https:\/\/deubefevents.com\/iadce\/wp-content\/uploads\/2022\/07\/1-1024x808.jpeg 1024w, https:\/\/deubefevents.com\/iadce\/wp-content\/uploads\/2022\/07\/1-300x237.jpeg 300w, https:\/\/deubefevents.com\/iadce\/wp-content\/uploads\/2022\/07\/1-768x606.jpeg 768w, https:\/\/deubefevents.com\/iadce\/wp-content\/uploads\/2022\/07\/1-1536x1212.jpeg 1536w, https:\/\/deubefevents.com\/iadce\/wp-content\/uploads\/2022\/07\/1.jpeg 1600w\" sizes=\"auto, (max-width: 511px) 100vw, 511px\" \/><\/figure>\n\n\n\n<figure class=\"wp-block-image aligncenter size-large is-resized\"><img loading=\"lazy\" decoding=\"async\" src=\"http:\/\/deubefevents.com\/iadce\/wp-content\/uploads\/2022\/07\/2-1024x808.jpeg\" alt=\"\" class=\"wp-image-376\" width=\"509\" height=\"401\" srcset=\"https:\/\/deubefevents.com\/iadce\/wp-content\/uploads\/2022\/07\/2-1024x808.jpeg 1024w, https:\/\/deubefevents.com\/iadce\/wp-content\/uploads\/2022\/07\/2-300x237.jpeg 300w, https:\/\/deubefevents.com\/iadce\/wp-content\/uploads\/2022\/07\/2-768x606.jpeg 768w, https:\/\/deubefevents.com\/iadce\/wp-content\/uploads\/2022\/07\/2-1536x1212.jpeg 1536w, https:\/\/deubefevents.com\/iadce\/wp-content\/uploads\/2022\/07\/2.jpeg 1600w\" sizes=\"auto, (max-width: 509px) 100vw, 509px\" \/><\/figure>\n\n\n\n<figure class=\"wp-block-image aligncenter size-large is-resized\"><img loading=\"lazy\" decoding=\"async\" src=\"http:\/\/deubefevents.com\/iadce\/wp-content\/uploads\/2022\/07\/3-1024x808.jpeg\" alt=\"\" class=\"wp-image-377\" width=\"505\" height=\"399\" srcset=\"https:\/\/deubefevents.com\/iadce\/wp-content\/uploads\/2022\/07\/3-1024x808.jpeg 1024w, https:\/\/deubefevents.com\/iadce\/wp-content\/uploads\/2022\/07\/3-300x237.jpeg 300w, https:\/\/deubefevents.com\/iadce\/wp-content\/uploads\/2022\/07\/3-768x606.jpeg 768w, https:\/\/deubefevents.com\/iadce\/wp-content\/uploads\/2022\/07\/3-1536x1212.jpeg 1536w, https:\/\/deubefevents.com\/iadce\/wp-content\/uploads\/2022\/07\/3.jpeg 1600w\" sizes=\"auto, (max-width: 505px) 100vw, 505px\" \/><\/figure>\n\n\n\n<p><\/p>\n\n\n\n<figure class=\"wp-block-image aligncenter size-large is-resized\"><img loading=\"lazy\" decoding=\"async\" src=\"http:\/\/deubefevents.com\/iadce\/wp-content\/uploads\/2022\/07\/keynote-3-1-1024x808.jpeg\" alt=\"\" class=\"wp-image-386\" width=\"503\" height=\"397\" srcset=\"https:\/\/deubefevents.com\/iadce\/wp-content\/uploads\/2022\/07\/keynote-3-1-1024x808.jpeg 1024w, https:\/\/deubefevents.com\/iadce\/wp-content\/uploads\/2022\/07\/keynote-3-1-300x237.jpeg 300w, https:\/\/deubefevents.com\/iadce\/wp-content\/uploads\/2022\/07\/keynote-3-1-768x606.jpeg 768w, https:\/\/deubefevents.com\/iadce\/wp-content\/uploads\/2022\/07\/keynote-3-1-1536x1212.jpeg 1536w, https:\/\/deubefevents.com\/iadce\/wp-content\/uploads\/2022\/07\/keynote-3-1.jpeg 1600w\" sizes=\"auto, (max-width: 503px) 100vw, 503px\" \/><\/figure>\n\n\n\n<figure class=\"wp-block-image aligncenter is-resized\" id=\"block-ba475099-69e2-495c-a51d-66f61973c476\"><img loading=\"lazy\" decoding=\"async\" src=\"http:\/\/deubefevents.com\/iadce\/wp-content\/uploads\/2022\/07\/keynote_5-1024x826.jpeg\" alt=\"Bu g\u00f6rsel bo\u015f bir alt niteli\u011fe sahip; dosya ad\u0131 keynote_5-1024x826.jpeg\" width=\"499\" height=\"403\"\/><\/figure>\n\n\n\n<figure class=\"wp-block-image aligncenter size-large is-resized\"><img loading=\"lazy\" decoding=\"async\" src=\"http:\/\/deubefevents.com\/iadce\/wp-content\/uploads\/2022\/08\/IMG-20220823-WA0030-1024x829.jpg\" alt=\"\" class=\"wp-image-418\" width=\"502\" height=\"406\" srcset=\"https:\/\/deubefevents.com\/iadce\/wp-content\/uploads\/2022\/08\/IMG-20220823-WA0030-1024x829.jpg 1024w, https:\/\/deubefevents.com\/iadce\/wp-content\/uploads\/2022\/08\/IMG-20220823-WA0030-300x243.jpg 300w, https:\/\/deubefevents.com\/iadce\/wp-content\/uploads\/2022\/08\/IMG-20220823-WA0030-768x622.jpg 768w, https:\/\/deubefevents.com\/iadce\/wp-content\/uploads\/2022\/08\/IMG-20220823-WA0030-1536x1243.jpg 1536w, https:\/\/deubefevents.com\/iadce\/wp-content\/uploads\/2022\/08\/IMG-20220823-WA0030.jpg 1600w\" sizes=\"auto, (max-width: 502px) 100vw, 502px\" \/><\/figure>\n\n\n\n<figure class=\"wp-block-image aligncenter size-large is-resized\"><img loading=\"lazy\" decoding=\"async\" src=\"http:\/\/deubefevents.com\/iadce\/wp-content\/uploads\/2022\/07\/WhatsApp-Image-2022-07-25-at-16.49.11-1024x828.jpeg\" alt=\"\" class=\"wp-image-395\" width=\"481\" height=\"388\" srcset=\"https:\/\/deubefevents.com\/iadce\/wp-content\/uploads\/2022\/07\/WhatsApp-Image-2022-07-25-at-16.49.11-1024x828.jpeg 1024w, https:\/\/deubefevents.com\/iadce\/wp-content\/uploads\/2022\/07\/WhatsApp-Image-2022-07-25-at-16.49.11-300x242.jpeg 300w, https:\/\/deubefevents.com\/iadce\/wp-content\/uploads\/2022\/07\/WhatsApp-Image-2022-07-25-at-16.49.11-768x621.jpeg 768w, https:\/\/deubefevents.com\/iadce\/wp-content\/uploads\/2022\/07\/WhatsApp-Image-2022-07-25-at-16.49.11-1536x1241.jpeg 1536w, https:\/\/deubefevents.com\/iadce\/wp-content\/uploads\/2022\/07\/WhatsApp-Image-2022-07-25-at-16.49.11.jpeg 1600w\" sizes=\"auto, (max-width: 481px) 100vw, 481px\" \/><\/figure>\n\n\n\n<div class=\"wp-block-buttons is-content-justification-center is-layout-flex wp-container-core-buttons-is-layout-a89b3969 wp-block-buttons-is-layout-flex\">\n<div class=\"wp-block-button\"><a class=\"wp-block-button__link\" href=\"http:\/\/deubefevents.com\/iadce\/biographies-of-keynote-speakers\/\" target=\"_blank\" rel=\"noreferrer noopener\">Biographies of Keynote Speakers<\/a><\/div>\n<\/div>\n","protected":false},"excerpt":{"rendered":"","protected":false},"author":1,"featured_media":0,"parent":0,"menu_order":0,"comment_status":"closed","ping_status":"closed","template":"","meta":{"site-sidebar-layout":"default","site-content-layout":"default","ast-global-header-display":"","ast-main-header-display":"","ast-hfb-above-header-display":"","ast-hfb-below-header-display":"","ast-hfb-mobile-header-display":"","site-post-title":"","ast-breadcrumbs-content":"","ast-featured-img":"","footer-sml-layout":"","theme-transparent-header-meta":"","adv-header-id-meta":"","stick-header-meta":"","header-above-stick-meta":"","header-main-stick-meta":"","header-below-stick-meta":"","footnotes":""},"class_list":["post-379","page","type-page","status-publish","hentry"],"_links":{"self":[{"href":"https:\/\/deubefevents.com\/iadce\/wp-json\/wp\/v2\/pages\/379","targetHints":{"allow":["GET"]}}],"collection":[{"href":"https:\/\/deubefevents.com\/iadce\/wp-json\/wp\/v2\/pages"}],"about":[{"href":"https:\/\/deubefevents.com\/iadce\/wp-json\/wp\/v2\/types\/page"}],"author":[{"embeddable":true,"href":"https:\/\/deubefevents.com\/iadce\/wp-json\/wp\/v2\/users\/1"}],"replies":[{"embeddable":true,"href":"https:\/\/deubefevents.com\/iadce\/wp-json\/wp\/v2\/comments?post=379"}],"version-history":[{"count":6,"href":"https:\/\/deubefevents.com\/iadce\/wp-json\/wp\/v2\/pages\/379\/revisions"}],"predecessor-version":[{"id":421,"href":"https:\/\/deubefevents.com\/iadce\/wp-json\/wp\/v2\/pages\/379\/revisions\/421"}],"wp:attachment":[{"href":"https:\/\/deubefevents.com\/iadce\/wp-json\/wp\/v2\/media?parent=379"}],"curies":[{"name":"wp","href":"https:\/\/api.w.org\/{rel}","templated":true}]}}