{"id":442,"date":"2022-09-09T08:12:30","date_gmt":"2022-09-09T08:12:30","guid":{"rendered":"https:\/\/deubefevents.com\/iadce\/?page_id=442"},"modified":"2023-01-02T21:49:15","modified_gmt":"2023-01-02T21:49:15","slug":"ozet-kitabi","status":"publish","type":"page","link":"https:\/\/deubefevents.com\/iadce\/ozet-kitabi\/","title":{"rendered":"\u00d6zet Kitab\u0131"},"content":{"rendered":"\n<div data-wp-interactive=\"core\/file\" class=\"wp-block-file\"><object data-wp-bind--hidden=\"!state.hasPdfPreview\" hidden class=\"wp-block-file__embed\" data=\"https:\/\/deubefevents.com\/iadce\/wp-content\/uploads\/2023\/01\/IADCE-OZET-KITABI-2022-2.pdf\" type=\"application\/pdf\" style=\"width:100%;height:705px\" aria-label=\"IADCE-OZET-KITABI-2022-2 g\u00f6m\u00fcs\u00fc.\"><\/object><a id=\"wp-block-file--media-3e5b9622-411a-4150-8797-fa7811bc8491\" href=\"https:\/\/deubefevents.com\/iadce\/wp-content\/uploads\/2023\/01\/IADCE-OZET-KITABI-2022-2.pdf\">IADCE-OZET-KITABI-2022-2<\/a><a href=\"https:\/\/deubefevents.com\/iadce\/wp-content\/uploads\/2023\/01\/IADCE-OZET-KITABI-2022-2.pdf\" class=\"wp-block-file__button wp-element-button\" download aria-describedby=\"wp-block-file--media-3e5b9622-411a-4150-8797-fa7811bc8491\">\u0130ndir<\/a><\/div>\n","protected":false},"excerpt":{"rendered":"","protected":false},"author":4,"featured_media":0,"parent":0,"menu_order":0,"comment_status":"closed","ping_status":"closed","template":"","meta":{"site-sidebar-layout":"default","site-content-layout":"default","ast-global-header-display":"","ast-main-header-display":"","ast-hfb-above-header-display":"","ast-hfb-below-header-display":"","ast-hfb-mobile-header-display":"","site-post-title":"","ast-breadcrumbs-content":"","ast-featured-img":"","footer-sml-layout":"","theme-transparent-header-meta":"","adv-header-id-meta":"","stick-header-meta":"","header-above-stick-meta":"","header-main-stick-meta":"","header-below-stick-meta":"","footnotes":""},"class_list":["post-442","page","type-page","status-publish","hentry"],"_links":{"self":[{"href":"https:\/\/deubefevents.com\/iadce\/wp-json\/wp\/v2\/pages\/442","targetHints":{"allow":["GET"]}}],"collection":[{"href":"https:\/\/deubefevents.com\/iadce\/wp-json\/wp\/v2\/pages"}],"about":[{"href":"https:\/\/deubefevents.com\/iadce\/wp-json\/wp\/v2\/types\/page"}],"author":[{"embeddable":true,"href":"https:\/\/deubefevents.com\/iadce\/wp-json\/wp\/v2\/users\/4"}],"replies":[{"embeddable":true,"href":"https:\/\/deubefevents.com\/iadce\/wp-json\/wp\/v2\/comments?post=442"}],"version-history":[{"count":4,"href":"https:\/\/deubefevents.com\/iadce\/wp-json\/wp\/v2\/pages\/442\/revisions"}],"predecessor-version":[{"id":509,"href":"https:\/\/deubefevents.com\/iadce\/wp-json\/wp\/v2\/pages\/442\/revisions\/509"}],"wp:attachment":[{"href":"https:\/\/deubefevents.com\/iadce\/wp-json\/wp\/v2\/media?parent=442"}],"curies":[{"name":"wp","href":"https:\/\/api.w.org\/{rel}","templated":true}]}}