{"id":13,"date":"2023-08-23T07:13:42","date_gmt":"2023-08-23T07:13:42","guid":{"rendered":"https:\/\/deubefevents.com\/iadce2023\/?page_id=13"},"modified":"2023-09-28T06:23:25","modified_gmt":"2023-09-28T06:23:25","slug":"basvuru","status":"publish","type":"page","link":"https:\/\/deubefevents.com\/iadce2023\/basvuru\/","title":{"rendered":"Ba\u015fvuru"},"content":{"rendered":"\n<!DOCTYPE html>\n<html lang=\"tr\">\n<head>\n<meta charset=\"UTF-8\">\n<meta name=\"viewport\" content=\"width=device-width, initial-scale=1.0\">\n<style>\n    body {\n        font-family: Arial, sans-serif;\n        line-height: 1.6;\n        padding: 20px;\n        background-color: #f9f9f9;\n    }\n    h2 {\n        color: #333;\n        border-bottom: 2px solid #333;\n        padding-bottom: 10px;\n        margin-bottom: 20px;\n    }\n    h3 {\n        color: #444;\n        margin-bottom: 15px;\n    }\n    p {\n        margin-bottom: 15px;\n        color: #555;\n    }\n    a {\n        color: #337ab7;\n        text-decoration: none;\n    }\n    a:hover {\n        text-decoration: underline;\n    }\n    .note {\n        color: #999;\n        font-style: italic;\n    }\n<\/style>\n<\/head>\n<body>\n\n<h2>Bildiri \u00d6zeti Ba\u015fvurusu<\/h2>\n<p>300 kelimeyi a\u015fmayan k\u0131sa \u00f6zetlerinizi T\u00fcrk\u00e7e ve \u0130ngilizce olarak\n    g\u00f6nderiniz. Sunum dilleri \u0130ngilizce ya da T\u00fcrk\u00e7e olacakt\u0131r.\n    Konferansa ba\u015fvurmak i\u00e7in formu doldurarak \n    <a href=\"mailto:iadce2023@gmail.com\">iadce2023@gmail.com<\/a> adresine\n    g\u00f6nderiniz.<\/p>\n<br>\n<p><a href=\"https:\/\/deubefevents.com\/iadce2023\/wp-content\/uploads\/2023\/09\/Bildiri-ozeti-kayit-formu.docx\">(Bildiri \u00f6zeti kay\u0131t formu i\u00e7in t\u0131klay\u0131n\u0131z)<\/a><\/p>\n<p><a href=\"https:\/\/deubefevents.com\/iadce2023\/wp-content\/uploads\/2023\/09\/Abstract-submission-form.docx\">(Bildiri \u00f6zeti kay\u0131t formu (EN) i\u00e7in t\u0131klay\u0131n\u0131z)<\/a><\/p>\n\n<h2>Sergi ve Performans Ba\u015fvurusu<\/h2>\n\n<h3>SERG\u0130 BA\u015eVURUSU<\/h3>\n<p>Sempozyum sergisi online ortamda 17 g\u00fcn a\u00e7\u0131k kalacakt\u0131r.\nSempozyum kapsam\u0131nda uluslararas\u0131 ve j\u00fcrili sergi d\u00fczenlenecektir.\nSergiye kat\u0131lacaklar\u0131n eserlerinin de\u011ferlendirmeye al\u0131nabilmesi i\u00e7in eser\ng\u00f6rselini (300 dpi \u00e7\u00f6z\u00fcn\u00fcrl\u00fckte jpeg format\u0131nda) ve bilgilerini sempozyum\nweb sayfas\u0131nda bulunan sergi ve performans ba\u015fvuru formunu\ndoldurarak\u00a0<a href=\"mailto:iadce2023@gmail.com\">iadce2023@gmail.com<\/a> g\u00f6ndermeleri gerekmektedir.<\/p>\n\n<h3>PERFORMANS BA\u015eVURUSU<\/h3>\n<p>Sempozyum performans sergisi online ortamda 17 g\u00fcn a\u00e7\u0131k kalacakt\u0131r.\nSempozyum kapsam\u0131nda uluslararas\u0131 ve j\u00fcrili performans sergisi\nd\u00fczenlenecektir. Performans sergisine kat\u0131lacaklar\u0131n eserlerinin\nde\u011ferlendirmeye al\u0131nabilmesi i\u00e7in sempozyum web sayfas\u0131nda bulunan\nsergi ve performans ba\u015fvuru formunu doldurmalar\u0131 ve performans\nvideolar\u0131 (10 dakikadan fazla olmamal\u0131d\u0131r) ile birlikte\n<a href=\"mailto:iadce2023@gmail.com\">iadce2023@gmail.com<\/a> adresine g\u00f6ndermeleri gerekmektedir.<\/p>\n<p class=\"note\">Not: Performans videosu (ki\u015fiye ba\u011fl\u0131 olarak gizli veya herkese a\u00e7\u0131k) YouTube, Vimeo vb. bir payla\u015f\u0131m sitesine y\u00fcklenip linkin forma eklenmesi ile g\u00f6nderilebilir.<\/p>\n<p><a href=\"https:\/\/deubefevents.com\/iadce2023\/wp-content\/uploads\/2023\/09\/Sergi-performans-basvuru-formu-.doc\">(Sergi ve performans ba\u015fvuru formu i\u00e7in t\u0131klay\u0131n\u0131z)<\/a><\/p>\n<p><a href=\"https:\/\/deubefevents.com\/iadce2023\/wp-content\/uploads\/2023\/09\/Exhibition-Performance-submission-form.doc\">(Sergi ve performans ba\u015fvuru formu (EN) i\u00e7in t\u0131klay\u0131n\u0131z)<\/a><\/p>\n\n<\/body>\n<\/html>\n","protected":false},"excerpt":{"rendered":"<p>Bildiri \u00d6zeti Ba\u015fvurusu 300 kelimeyi a\u015fmayan k\u0131sa \u00f6zetlerinizi T\u00fcrk\u00e7e ve \u0130ngilizce olarak g\u00f6nderiniz. Sunum dilleri \u0130ngilizce ya da T\u00fcrk\u00e7e olacakt\u0131r. Konferansa ba\u015fvurmak i\u00e7in formu doldurarak iadce2023@gmail.com adresine g\u00f6nderiniz. (Bildiri \u00f6zeti kay\u0131t formu i\u00e7in t\u0131klay\u0131n\u0131z) (Bildiri \u00f6zeti kay\u0131t formu (EN) i\u00e7in t\u0131klay\u0131n\u0131z) Sergi ve Performans Ba\u015fvurusu SERG\u0130 BA\u015eVURUSU Sempozyum sergisi online ortamda 17 g\u00fcn a\u00e7\u0131k kalacakt\u0131r.<\/p>\n<p class=\"more-link\"><a href=\"https:\/\/deubefevents.com\/iadce2023\/basvuru\/\" class=\"themebutton2\">Read More<\/a><\/p>\n","protected":false},"author":1,"featured_media":0,"parent":0,"menu_order":0,"comment_status":"closed","ping_status":"closed","template":"","meta":{"footnotes":""},"_links":{"self":[{"href":"https:\/\/deubefevents.com\/iadce2023\/wp-json\/wp\/v2\/pages\/13"}],"collection":[{"href":"https:\/\/deubefevents.com\/iadce2023\/wp-json\/wp\/v2\/pages"}],"about":[{"href":"https:\/\/deubefevents.com\/iadce2023\/wp-json\/wp\/v2\/types\/page"}],"author":[{"embeddable":true,"href":"https:\/\/deubefevents.com\/iadce2023\/wp-json\/wp\/v2\/users\/1"}],"replies":[{"embeddable":true,"href":"https:\/\/deubefevents.com\/iadce2023\/wp-json\/wp\/v2\/comments?post=13"}],"version-history":[{"count":17,"href":"https:\/\/deubefevents.com\/iadce2023\/wp-json\/wp\/v2\/pages\/13\/revisions"}],"predecessor-version":[{"id":250,"href":"https:\/\/deubefevents.com\/iadce2023\/wp-json\/wp\/v2\/pages\/13\/revisions\/250"}],"wp:attachment":[{"href":"https:\/\/deubefevents.com\/iadce2023\/wp-json\/wp\/v2\/media?parent=13"}],"curies":[{"name":"wp","href":"https:\/\/api.w.org\/{rel}","templated":true}]}}