{"id":151,"date":"2023-04-19T09:43:46","date_gmt":"2023-04-19T09:43:46","guid":{"rendered":"https:\/\/deubefevents.com\/mandolinfest2026en\/?page_id=151"},"modified":"2025-09-29T08:26:01","modified_gmt":"2025-09-29T08:26:01","slug":"2-izmir-mandolin-festivali-mobile","status":"publish","type":"page","link":"https:\/\/deubefevents.com\/mandolinfest2026en\/2-izmir-mandolin-festivali-mobile\/","title":{"rendered":"5. IZM\u0130R MANDOL\u0130N FEST\u0130VAL"},"content":{"rendered":"\n<figure class=\"wp-block-image alignwide size-full\"><img loading=\"lazy\" decoding=\"async\" width=\"2560\" height=\"2180\" src=\"https:\/\/deubefevents.com\/mandolinfest2026en\/wp-content\/uploads\/2025\/09\/MANDOLIN-FEST-5-ING_pages-to-jpg-0001-scaled.jpg\" alt=\"\" class=\"wp-image-492\" srcset=\"https:\/\/deubefevents.com\/mandolinfest2026en\/wp-content\/uploads\/2025\/09\/MANDOLIN-FEST-5-ING_pages-to-jpg-0001-scaled.jpg 2560w, https:\/\/deubefevents.com\/mandolinfest2026en\/wp-content\/uploads\/2025\/09\/MANDOLIN-FEST-5-ING_pages-to-jpg-0001-300x256.jpg 300w, https:\/\/deubefevents.com\/mandolinfest2026en\/wp-content\/uploads\/2025\/09\/MANDOLIN-FEST-5-ING_pages-to-jpg-0001-1024x872.jpg 1024w, https:\/\/deubefevents.com\/mandolinfest2026en\/wp-content\/uploads\/2025\/09\/MANDOLIN-FEST-5-ING_pages-to-jpg-0001-768x654.jpg 768w, https:\/\/deubefevents.com\/mandolinfest2026en\/wp-content\/uploads\/2025\/09\/MANDOLIN-FEST-5-ING_pages-to-jpg-0001-1536x1308.jpg 1536w, https:\/\/deubefevents.com\/mandolinfest2026en\/wp-content\/uploads\/2025\/09\/MANDOLIN-FEST-5-ING_pages-to-jpg-0001-2048x1744.jpg 2048w\" sizes=\"auto, (max-width: 2560px) 100vw, 2560px\" \/><\/figure>\n\n\n\n<p class=\"has-text-align-center\"><em>The Faculty of Buca Education at Dokuz Eylul University, with its long-established history, is hosting an artistic event that it regards as an important means of contributing to society. Having organized the first Izmir Mandolin Festival in 2022, we are excited to hold its fifth edition this year. We cordially invite all mandolin enthusiasts to join us at our university\u2019s Sabanc\u0131 Cultural Center on May 16\u201317, 2026.<\/em><\/p>\n\n\n\n<p><\/p>\n\n\n\n<p><\/p>\n\n\n\n<p><\/p>\n","protected":false},"excerpt":{"rendered":"<p>The Faculty of Buca Education at Dokuz Eylul University, with its long-established history, is hosting an artistic event that it regards as an important means of contributing to society. Having<\/p>\n<p class=\"more-link\"><a href=\"https:\/\/deubefevents.com\/mandolinfest2026en\/2-izmir-mandolin-festivali-mobile\/\" class=\"readmore\">Continue reading<span class=\"screen-reader-text\">5. IZM\u0130R MANDOL\u0130N FEST\u0130VAL<\/span><\/a><\/p>\n","protected":false},"author":1,"featured_media":0,"parent":0,"menu_order":0,"comment_status":"closed","ping_status":"closed","template":"templates\/no-sidebar.php","meta":{"ngg_post_thumbnail":0,"footnotes":""},"class_list":["post-151","page","type-page","status-publish","hentry"],"_links":{"self":[{"href":"https:\/\/deubefevents.com\/mandolinfest2026en\/wp-json\/wp\/v2\/pages\/151","targetHints":{"allow":["GET"]}}],"collection":[{"href":"https:\/\/deubefevents.com\/mandolinfest2026en\/wp-json\/wp\/v2\/pages"}],"about":[{"href":"https:\/\/deubefevents.com\/mandolinfest2026en\/wp-json\/wp\/v2\/types\/page"}],"author":[{"embeddable":true,"href":"https:\/\/deubefevents.com\/mandolinfest2026en\/wp-json\/wp\/v2\/users\/1"}],"replies":[{"embeddable":true,"href":"https:\/\/deubefevents.com\/mandolinfest2026en\/wp-json\/wp\/v2\/comments?post=151"}],"version-history":[{"count":14,"href":"https:\/\/deubefevents.com\/mandolinfest2026en\/wp-json\/wp\/v2\/pages\/151\/revisions"}],"predecessor-version":[{"id":525,"href":"https:\/\/deubefevents.com\/mandolinfest2026en\/wp-json\/wp\/v2\/pages\/151\/revisions\/525"}],"wp:attachment":[{"href":"https:\/\/deubefevents.com\/mandolinfest2026en\/wp-json\/wp\/v2\/media?parent=151"}],"curies":[{"name":"wp","href":"https:\/\/api.w.org\/{rel}","templated":true}]}}

5. IZMİR MANDOLİN FESTİVAL

<figure class="wp-block-image alignwide size-full"><img loading="lazy" decoding="async" width="2560" height="2180" src="https://deubefevents.com/mandolinfest2026en/wp-content/uploads/2025/09/MANDOLIN-FEST-5-ING_pages-to-jpg-0001-scaled.jpg" alt="" class="wp-image-492" srcset="https://deubefevents.com/mandolinfest2026en/wp-content/uploads/2025/09/MANDOLIN-FEST-5-ING_pages-to-jpg-0001-scaled.jpg 2560w, https://deubefevents.com/mandolinfest2026en/wp-content/uploads/2025/09/MANDOLIN-FEST-5-ING_pages-to-jpg-0001-300x256.jpg 300w, https://deubefevents.com/mandolinfest2026en/wp-content/uploads/2025/09/MANDOLIN-FEST-5-ING_pages-to-jpg-0001-1024x872.jpg 1024w, https://deubefevents.com/mandolinfest2026en/wp-content/uploads/2025/09/MANDOLIN-FEST-5-ING_pages-to-jpg-0001-768x654.jpg 768w, https://deubefevents.com/mandolinfest2026en/wp-content/uploads/2025/09/MANDOLIN-FEST-5-ING_pages-to-jpg-0001-1536x1308.jpg 1536w, https://deubefevents.com/mandolinfest2026en/wp-content/uploads/2025/09/MANDOLIN-FEST-5-ING_pages-to-jpg-0001-2048x1744.jpg 2048w" sizes="auto, (max-width: 2560px) 100vw, 2560px" /></figure>



<p class="has-text-align-center"><em>The Faculty of Buca Education at Dokuz Eylul University, with its long-established history, is hosting an artistic event that it regards as an important means of contributing to society. Having organized the first Izmir Mandolin Festival in 2022, we are excited to hold its fifth edition this year. We cordially invite all mandolin enthusiasts to join us at our university’s Sabancı Cultural Center on May 16–17, 2026.</em></p>



<p></p>



<p></p>



<p></p>

<p>The Faculty of Buca Education at Dokuz Eylul University, with its long-established history, is hosting an artistic event that it regards as an important means of contributing to society. Having</p>
<p class="more-link"><a href="https://deubefevents.com/mandolinfest2026en/2-izmir-mandolin-festivali-mobile/" class="readmore">Continue reading<span class="screen-reader-text">5. IZMİR MANDOLİN FESTİVAL</span></a></p>
